245?
3, 5, 83
List the prime factors of 3164.
2, 7, 113
List the prime factors of 8964.
2, 3, 83
What are the prime factors of 22574?
2, 11287
What are the prime factors of 7960?
2, 5, 199
List the prime factors of 851.
23, 37
List the prime factors of 718.
2, 359
List the prime factors of 891.
3, 11
What are the prime factors of 1423?
1423
What are the prime factors of 57217?
29, 1973
What are the prime factors of 824?
2, 103
List the prime factors of 134.
2, 67
What are the prime factors of 1352?
2, 13
What are the prime factors of 1900?
2, 5, 19
What are the prime factors of 4788?
2, 3, 7, 19
What are the prime factors of 1977?
3, 659
What are the prime factors of 103661?
23, 4507
List the prime factors of 1341.
3, 149
List the prime factors of 67942.
2, 7, 23, 211
List the prime factors of 931.
7, 19
List the prime factors of 1435.
5, 7, 41
What are the prime factors of 368?
2, 23
What are the prime factors of 17566?
2, 8783
What are the prime factors of 25486?
2, 12743
List the prime factors of 3631.
3631
List the prime factors of 765.
3, 5, 17
List the prime factors of 5522.
2, 11, 251
List the prime factors of 101731.
7, 14533
What are the prime factors of 126530?
2, 5, 12653
What are the prime factors of 31660?
2, 5, 1583
List the prime factors of 124658.
2, 157, 397
What are the prime factors of 1879?
1879
List the prime factors of 117675.
3, 5, 523
What are the prime factors of 192?
2, 3
List the prime factors of 41825.
5, 7, 239
What are the prime factors of 31707?
3, 13, 271
What are the prime factors of 10231?
13, 787
What are the prime factors of 906?
2, 3, 151
What are the prime factors of 366?
2, 3, 61
What are the prime factors of 5567?
19, 293
What are the prime factors of 65301?
3, 21767
What are the prime factors of 2263?
31, 73
List the prime factors of 17964.
2, 3, 499
List the prime factors of 13635.
3, 5, 101
List the prime factors of 470.
2, 5, 47
What are the prime factors of 14580?
2, 3, 5
List the prime factors of 57994.
2, 107, 271
List the prime factors of 10579.
71, 149
List the prime factors of 8317.
8317
What are the prime factors of 91330?
2, 5, 9133
List the prime factors of 889.
7, 127
What are the prime factors of 7777?
7, 11, 101
List the prime factors of 9974.
2, 4987
List the prime factors of 19020.
2, 3, 5, 317
What are the prime factors of 101089?
101089
What are the prime factors of 38069?
38069
List the prime factors of 15051.
3, 29, 173
What are the prime factors of 4692?
2, 3, 17, 23
List the prime factors of 20734.
2, 7, 1481
What are the prime factors of 80125?
5, 641
List the prime factors of 96952.
2, 12119
What are the prime factors of 18554?
2, 9277
What are the prime factors of 2438?
2, 23, 53
List the prime factors of 15659.
7, 2237
What are the prime factors of 11270?
2, 5, 7, 23
What are the prime factors of 24374?
2, 7, 1741
What are the prime factors of 1963?
13, 151
List the prime factors of 65750.
2, 5, 263
What are the prime factors of 48758?
2, 24379
What are the prime factors of 781?
11, 71
List the prime factors of 82697.
41, 2017
List the prime factors of 153778.
2, 23, 3343
List the prime factors of 18435.
3, 5, 1229
What are the prime factors of 1204?
2, 7, 43
List the prime factors of 2978.
2, 1489
What are the prime factors of 4053?
3, 7, 193
List the prime factors of 4856.
2, 607
What are the prime factors of 3285?
3, 5, 73
List the prime factors of 1103.
1103
What are the prime factors of 1688?
2, 211
List the prime factors of 2904.
2, 3, 11
List the prime factors of 17431.
17431
What are the prime factors of 4884?
2, 3, 11, 37
What are the prime factors of 3766?
2, 7, 269
List the prime factors of 684.
2, 3, 19
List the prime factors of 1999.
1999
List the prime factors of 1079.
13, 83
List the prime factors of 11894.
2, 19, 313
List the prime factors of 93315.
3, 5, 6221
List the prime factors of 94711.
53, 1787
What are the prime factors of 8115?
3, 5, 541
What are the prime factors of 2474?
2, 1237
What are the prime factors of 15767?
15767
What are the prime factors of 6926?
2, 3463
What are the prime factors of 138579?
3, 7, 6599
What are the prime factors of 63761?
63761
List the prime factors of 1817.
23, 79
List the prime factors of 1539.
3, 19
What are the prime factors of 5915?
5, 7, 13
List the prime factors of 23417.
23417
What are the prime factors of 2658?
2, 3, 443
List the prime factors of 3784.
2, 11, 43
What are the prime factors of 7154?
2, 7, 73
What are the prime factors of 806?
2, 13, 31
List the prime factors of 968.
2, 11
What are the prime factors of 109937?
109937
What are the prime factors of 1363?
29, 47
What are the prime factors of 9404?
2, 2351
What are the prime factors of 12490?
2, 5, 1249
List the prime factors of 6781.
6781
List the prime factors of 42743.
42743
List the prime factors of 104316.
2, 3, 8693
List the prime factors of 17051.
17, 59
What are the prime factors of 55?
5, 11
What are the prime factors of 53942?
2, 7, 3853
List the prime factors of 10709.
10709
What are the prime factors of 18961?
67, 283
What are the prime factors of 18406?
2, 9203
List the prime factors of 466.
2, 233
List the prime factors of 3025.
5, 11
List the prime factors of 9607.
13, 739
List the prime factors of 87899.
7, 29, 433
List the prime factors of 899.
29, 31
List the prime factors of 1682.
2, 29
What are the prime factors of 1640?
2, 5, 41
What are the prime factors of 4363?
4363
What are the prime factors of 5737?
5737
List the prime factors of 6300.
2, 3, 5, 7
What are the prime factors of 1112?
2, 139
List the prime factors of 2350.
2, 5, 47
What are the prime factors of 73056?
2, 3, 761
List the prime factors of 132836.
2, 11, 3019
What are the prime factors of 2410?
2, 5, 241
List the prime factors of 12435.
3, 5, 829
List the prime factors of 47556.
2, 3, 1321
What are the prime factors of 173?
173
List the prime factors of 888.
2, 3, 37
List the prime factors of 5530.
2, 5, 7, 79
List the prime factors of 2141.
2141
What are the prime factors of 5425?
5, 7, 31
What are the prime factors of 2906?
2, 1453
List the prime factors of 1367.
1367
What are the prime factors of 48596?
2, 12149
What are the prime factors of 1647?
3, 61
List the prime factors of 183.
3, 61
List the prime factors of 672.
2, 3, 7
List the prime factors of 12061.
7, 1723
List the prime factors of 11452.
2, 7, 409
List the prime factors of 7387.
83, 89
List the prime factors of 6846.
2, 3, 7, 163
What are the prime factors of 25619?
11, 17, 137
What are the prime factors of 1450?
2, 5, 29
What are the prime factors of 1410?
2, 3, 5, 47
List the prime factors of 2343.
3, 11, 71
What are the prime factors of 4588?
2, 31, 37
List the prime factors of 1640.
2, 5, 41
List the prime factors of 19248.
2, 3, 401
List the prime factors of 390.
2, 3, 5, 13
What are the prime factors of 117?
3, 13
List the prime factors of 1239.
3, 7, 59
List the prime factors of 638.
2, 11, 29
What are the prime factors of 2198?
2, 7, 157
What are the prime factors of 107014?
2, 53507
What are the prime factors of 124746?
2, 3, 17, 1223
What are the prime factors of 17746?
2, 19, 467
List the prime factors of 14072.
2, 1759
What are the prime factors of 44600?
2, 5, 223
List the prime factors of 4715.
5, 23, 41
What are the prime factors of 194?
2, 97
What are the prime factors of 1529?
11, 139
List the prime factors of 887.
887
List the prime factors of 857.
857
What are the prime factors of 187?
11, 17
List the prime factors of 81024.
2, 3, 211
List the prime factors of 5827.
5827
List the prime factors of 289.
17
List the prime factors of 11518.
2, 13, 443
List the prime factors of 329.
7, 47
List the prime factors of 2058.
2, 3, 7
What are the prime factors of 3593?
3593
What are the prime factors of 2616?
2, 3, 109
List the prime factors of 8456.
2, 7, 151
What are the prime factors of 3888?
2, 3
List the prime factors of 207.
3, 23
What are the prime factors of 33591?
3, 11197
What are the prime factors of 1600?
2, 5
List the prime factors of 34407.
3, 3823
List the prime factors of 28852.
2, 7213
List the prime factors of 179.
179
What are the prime factors of 2057?
11, 17
What are the prime factors of 36642?
2, 3, 31, 197
What are the prime factors of 4458?
2, 3, 743
What are the pr